{"id":1639,"date":"2021-11-12T15:03:19","date_gmt":"2021-11-12T20:03:19","guid":{"rendered":"https:\/\/colombiaflores.com.co\/?product=flores-para-cumpleanos-cabrera"},"modified":"2024-05-10T00:19:38","modified_gmt":"2024-05-10T05:19:38","slug":"flores-para-cumpleanos-cabrera","status":"publish","type":"product","link":"https:\/\/colombiaflores.com.co\/?product=flores-para-cumpleanos-cabrera","title":{"rendered":"flores para cumplea\u00f1os Cabrera"},"content":{"rendered":"","protected":false},"excerpt":{"rendered":"<p>El arreglo de flores para cumplea\u00f1os Cabrera es un hermoso detalle, dise\u00f1ado para que puedas sorprender a esa persona especial. Incluye tarjeta con un mensaje personalizado sin costo adicional.<\/p>\n","protected":false},"featured_media":1485,"template":"","meta":[],"product_cat":[33],"product_tag":[],"class_list":{"0":"post-1639","1":"product","2":"type-product","3":"status-publish","4":"has-post-thumbnail","6":"product_cat-flores-para-cumpleanos","8":"first","9":"instock","10":"shipping-taxable","11":"purchasable","12":"product-type-simple"},"aioseo_notices":[],"_links":{"self":[{"href":"https:\/\/colombiaflores.com.co\/index.php?rest_route=\/wp\/v2\/product\/1639","targetHints":{"allow":["GET"]}}],"collection":[{"href":"https:\/\/colombiaflores.com.co\/index.php?rest_route=\/wp\/v2\/product"}],"about":[{"href":"https:\/\/colombiaflores.com.co\/index.php?rest_route=\/wp\/v2\/types\/product"}],"wp:featuredmedia":[{"embeddable":true,"href":"https:\/\/colombiaflores.com.co\/index.php?rest_route=\/wp\/v2\/media\/1485"}],"wp:attachment":[{"href":"https:\/\/colombiaflores.com.co\/index.php?rest_route=%2Fwp%2Fv2%2Fmedia&parent=1639"}],"wp:term":[{"taxonomy":"product_cat","embeddable":true,"href":"https:\/\/colombiaflores.com.co\/index.php?rest_route=%2Fwp%2Fv2%2Fproduct_cat&post=1639"},{"taxonomy":"product_tag","embeddable":true,"href":"https:\/\/colombiaflores.com.co\/index.php?rest_route=%2Fwp%2Fv2%2Fproduct_tag&post=1639"}],"curies":[{"name":"wp","href":"https:\/\/api.w.org\/{rel}","templated":true}]}}